{"id":2462,"date":"2025-09-22T19:02:14","date_gmt":"2025-09-23T01:02:14","guid":{"rendered":"https:\/\/ricsa.mx\/?page_id=2462"},"modified":"2025-09-24T11:25:47","modified_gmt":"2025-09-24T17:25:47","slug":"politica-sgi","status":"publish","type":"page","link":"https:\/\/ricsa.mx\/?page_id=2462","title":{"rendered":"Pol\u00edtica SGI"},"content":{"rendered":"<div>\r\n<h1>Pol\u00edtica SGI<\/h1>\r\nEn <strong>Reparaci\u00f3n Integral de Contenedores<\/strong> estamos comprometidos con la mejora continua del SGI, de nuestros procesos y servicios, asegurando la calidad, seguridad, salud ocupacional, protecci\u00f3n ambiental e inocuidad. <strong>A trav\u00e9s de:<\/strong>\r\n<ul>\r\n \t<li>\r\n<div><strong>Satisfacer las necesidades de nuestras partes interesadas<\/strong><\/div><\/li>\r\n \t<li>\r\n<div><strong>Operar de manera sustentable<\/strong>, con una gesti\u00f3n responsable de los recursos, protegiendo el medio ambiente y considerando la prevenci\u00f3n de la contaminaci\u00f3n.<\/div><\/li>\r\n \t<li>\r\n<div><strong>Realizar actividades seguras<\/strong>, identificar y tratar peligros y riesgos.<\/div><\/li>\r\n \t<li>\r\n<div><strong>Garantizar la inocuidad<\/strong> de las mercanc\u00edas.<\/div><\/li>\r\n \t<li>\r\n<div><strong>Innovar constantemente<\/strong> el valor agregado entregado a nuestros clientes.<\/div><\/li>\r\n<\/ul>\r\nCumpliendo continuamente con los requisitos de leyes y regulaciones, as\u00ed como con los requisitos de las normas aplicables.\r\n\r\n<footer>\r\n\r\n<\/footer><\/div>","protected":false},"excerpt":{"rendered":"<p>Pol\u00edtica SGI En Reparaci\u00f3n Integral de Contenedores estamos comprometidos con la mejora continua del SGI, de nuestros procesos y servicios, asegurando la calidad, seguridad, salud ocupacional, protecci\u00f3n ambiental e inocuidad. A trav\u00e9s de: Satisfacer las necesidades de nuestras partes interesadas Operar de manera sustentable, con una gesti\u00f3n responsable de los recursos, protegiendo el medio ambiente [&hellip;]<\/p>\n","protected":false},"author":4,"featured_media":0,"parent":0,"menu_order":0,"comment_status":"closed","ping_status":"closed","template":"","meta":[],"_links":{"self":[{"href":"https:\/\/ricsa.mx\/index.php?rest_route=\/wp\/v2\/pages\/2462"}],"collection":[{"href":"https:\/\/ricsa.mx\/index.php?rest_route=\/wp\/v2\/pages"}],"about":[{"href":"https:\/\/ricsa.mx\/index.php?rest_route=\/wp\/v2\/types\/page"}],"author":[{"embeddable":true,"href":"https:\/\/ricsa.mx\/index.php?rest_route=\/wp\/v2\/users\/4"}],"replies":[{"embeddable":true,"href":"https:\/\/ricsa.mx\/index.php?rest_route=%2Fwp%2Fv2%2Fcomments&post=2462"}],"version-history":[{"count":5,"href":"https:\/\/ricsa.mx\/index.php?rest_route=\/wp\/v2\/pages\/2462\/revisions"}],"predecessor-version":[{"id":2469,"href":"https:\/\/ricsa.mx\/index.php?rest_route=\/wp\/v2\/pages\/2462\/revisions\/2469"}],"wp:attachment":[{"href":"https:\/\/ricsa.mx\/index.php?rest_route=%2Fwp%2Fv2%2Fmedia&parent=2462"}],"curies":[{"name":"wp","href":"https:\/\/api.w.org\/{rel}","templated":true}]}}